units digit of q?
4
Suppose 286 - 44 = 2*b + 4*l, -242 = -2*b + l. What is the hundreds digit of b?
1
Let s(z) be the first derivative of 3*z**2/2 - 3*z + 2. Let p be s(2). Suppose -i = -p*i + 4. What is the units digit of i?
2
Let d(p) = -p**3 + 4*p**2 - 2*p + 2. Let k be d(3). Suppose -5*i - 85 = -5*b, -2*i + i - 81 = -k*b. What is the units digit of b?
6
Suppose 9*z - 84 = 5*z. What is the units digit of z?
1
Suppose 0 = 4*i + 2*y - 588, -4*i + 8*i = -5*y + 588. What is the tens digit of i?
4
Let j(s) = 2*s**2 + 3*s - 4. Let n(l) = -10*l**2 - 16*l + 21. Let o(y) = 11*j(y) + 2*n(y). Let x be o(-2). Suppose 2*a + x = 24. What is the tens digit of a?
1
Let m be 1 + -5 - (1 + -7). Suppose 0 = -4*q + i - 6*i + 71, 72 = 4*q + 4*i. Suppose -q + 5 = -m*l. What is the units digit of l?
7
Suppose 2*l - 6*j = -j + 28, -3*l = -4*j - 28. Suppose l*x = 3*x + 5*g + 41, -3*x + g + 109 = 0. What is the units digit of x?
6
What is the units digit of 5*-2*((-54)/30 + 1)?
8
Let u be 5/(-2)*24/(-15). Suppose -x - 1 + u = 0. What is the units digit of x?
3
Let f = -89 - -172. What is the tens digit of f?
8
Let s be (-147)/15 - (-2)/(-10). What is the units digit of ((-6)/s)/(3/15)?
3
Let l(n) = n**3 - 8*n**2 + 8*n - 9. Let r be l(7). Let i = r + 1. Let m(w) = -8*w**3 - 2*w**2 - w. What is the units digit of m(i)?
7
Let v = 117 + -63. What is the tens digit of v?
5
Suppose 0 = -6*f + 5*f + 2*b + 8, -b = 4*f - 5. What is the units digit of f/6 + 104/12?
9
Let v(f) = 6*f**2 + 22*f - 2. What is the units digit of v(-7)?
8
Let k = 3 - 9. Let l be (-5)/(-30) + (-106)/(-12). Let j = k + l. What is the units digit of j?
3
Let h be -2*2/(-4) - 1. Suppose -3*i + 10 = 2*i + 3*t, h = 3*t. What is the units digit of i?
2
Let y(l) = l**2 + 4*l + 4. Let n be y(-4). Suppose n*f - 3*u + u = 158, 43 = f - 4*u. What is the tens digit of f?
3
Let j(u) = 36*u - 2. What is the tens digit of j(2)?
7
Let o(t) = -t**2 + 16*t - 14. Let x be o(13). Suppose -4*d = -9 + 61. Let r = x + d. What is the tens digit of r?
1
Suppose 3*c - 11 = -2. Suppose -3*v = b - 6*v - 15, -2*v - 10 = -c*b. Let y = b + 12. What is the units digit of y?
2
Let p = 7 + -4. Let t(d) = 2 + 0 - p + d**3. What is the units digit of t(2)?
7
Suppose 0 = -3*p + 5*d + 343, 0*p - 2*d + 118 = p. What is the units digit of p?
6
Let c(f) = f**2 + 4*f + 2. What is the units digit of c(-4)?
2
Let y(s) = -8*s - 1. Let g be y(-2). Suppose g = -3*l, 5*x - 120 = -0*x + 4*l. What is the tens digit of x?
2
Let l(b) be the third derivative of b**4/12 + 2*b**3/3 + 4*b**2. What is the units digit of l(4)?
2
Let i(c) = -2*c + 15. Let q(g) = -g**2 + 13*g + 7. Let m be q(14). What is the tens digit of i(m)?
2
Let x(s) = 2*s**2 - 3*s + 1. Let g be x(2). Let o(b) = 6*b - 2. Let p be o(2). Suppose g*a = a + p. What is the units digit of a?
5
What is the units digit of (1 - 32)/((2 + -3)*1)?
1
Let z(d) = -d - 1. Let x be (-26)/4 - (-6)/12. What is the units digit of z(x)?
5
Let i(r) = -r - 12. Let t be i(-10). Let v(x) = -x**3 + 2*x**2 + 3*x + 1. What is the units digit of v(t)?
1
Let h(k) = -k**3 + 6*k**2 - 2*k - 6. Let b be h(5). Let w = 8 - b. Let a = w - -8. What is the units digit of a?
7
Suppose 10 = -4*a - 6, a = 4*d - 8. Let l = -3 + d. Let p(b) = -7*b - 3. What is the tens digit of p(l)?
1
Let x(c) = -2 - 5*c**2 - 3*c + c**2 + 2*c + 3*c**2 + c**3. Let w be x(2). Suppose w = -5*n - 0*n + 40. What is the units digit of n?
8
Suppose -n - 4*n = -200. What is the tens digit of n?
4
Let l = -2 - -11. Suppose -5*a - 9 = -u, 3*u - 30 = 3*a + l. What is the tens digit of u?
1
Let w = 2 + -2. What is the units digit of (-6)/((-6)/2) - w?
2
Let n(q) = 45*q - 24. What is the tens digit of n(4)?
5
Let i(o) = o**2 - 2. What is the units digit of i(-3)?
7
Suppose -6 = 2*m + p, m + 4*m + p = -12. Let l(n) = 7*n**2. Let x(g) = 6*g**2. Let b(w) = -4*l(w) + 5*x(w). What is the units digit of b(m)?
8
Let t(z) = -16*z**3 - z. Let n(b) = -b**3 + b**2. Let u(c) = -2*n(c) + t(c). What is the units digit of u(-1)?
3
Suppose l + 4*w - 110 = -0*w, l + 3*w = 107. Suppose -3*o + 62 = -p, 3*p + l = 7*o - 2*o. What is the units digit of o?
2
Let p(s) = -3*s + 1. Suppose 0 = 5*r - 4 - 11. Suppose -2*n - 5*g - 29 = -0*n, -n - r*g = 17. What is the units digit of p(n)?
7
Let a(d) = d**3 - 7*d**2 + 7*d - 2. Let w be (-4)/(-10) + 4/(-10). Let o = 6 + w. What is the units digit of a(o)?
4
Suppose 23 = d + 4*o, 0*d + 2*o = 5*d - 71. Suppose 0 = 3*l + u + 5, l + u - d = 4*u. What is the units digit of l + 0 + -2 - -7?
5
Suppose 0 = -2*j - j + 15, 2*k - 146 = -2*j. Suppose 2*b - k = -2*b. What is the units digit of b?
7
Suppose 0 = m - 3*p, 4*m = -7*p + 2*p - 51. Let f = m - -15. What is the units digit of f?
6
Let g be ((-3)/6)/(1/2). Suppose -n + 3 = 1. What is the tens digit of 14/(g*n/(-2))?
1
Let m(j) = -j**2 + 2*j**2 + 6 + 4 + 2*j - 8*j. Let c be ((-2)/(-3))/(2/21). What is the tens digit of m(c)?
1
Suppose 3*h - 3*x + 12 = 48, -h = x - 8. Let j = h + 29. Let i = j + -23. What is the units digit of i?
6
Let a = -77 + 128. What is the tens digit of a?
5
Let r(q) be the first derivative of -q**3/3 - q**2/2 + 4*q - 2. Let d be r(-3). What is the units digit of 9*(-2 + 0)/d?
9
Let u(p) be the third derivative of -p**4/4 - p**3 + 2*p**2. Let k be u(-5). What is the units digit of (9/(-2))/((-9)/k)?
2
Let j(p) = -p**3 - 6*p**2 - 3*p - 9. What is the units digit of j(-6)?
9
What is the units digit of 2/(-13) + (-4413)/(-39)?
3
Let m = 126 + -105. What is the tens digit of m?
2
Suppose 0 = 3*i - 4*i - 2*s, i + s - 1 = 0. Suppose -4*c - w = -124, -3*c + i*w + 82 = -0*w. What is the tens digit of c?
3
Suppose 3*x = -0*x. Suppose 0 = i - x - 1. Let v = i + 4. What is the units digit of v?
5
Suppose 4*p = p. Suppose 3*t - 7*t - 8 = p. Let b = t - -6. What is the units digit of b?
4
Suppose 4*h + 9 - 29 = 0. Suppose -h*j + 61 = 2*c, -3*c - j + 2*j = -49. Suppose i - c = -i. What is the units digit of i?
9
Let u be (18/15)/(1/5). Let q be (-2 - 1)*u/(-9). Suppose -3*k - 2*d - 10 = -6*k, q = 2*d. What is the units digit of k?
4
Let o(g) be the second derivative of 1/6*g**4 + 1/6*g**3 + 0 - 2*g + 0*g**2. What is the units digit of o(-2)?
6
Let c = 13 + -9. Let g = c + 5. What is the units digit of g?
9
Suppose -3*r = 3*s - 6, 5*s - 2*r - 2 = -3*r. Let b = 3 + s. Suppose 0 = b*z - 31 - 20. What is the units digit of z?
7
Let j(n) = 15*n**2 - 2*n - 1. What is the units digit of j(2)?
5
Suppose 3 = -3*q + 9. Suppose 2 = q*v - 4*v + 3*y, 2 = y. What is the units digit of v?
2
Let j = 64 + -24. What is the tens digit of j?
4
Let x = -12 + 15. What is the units digit of x/((-5)/((-190)/3))?
8
Let y = -1 - -23. Suppose 5*q = y + 23. What is the units digit of (2 + (-30)/q)*-3?
4
Suppose 3*j - 4*n - 21 - 16 = 0, 0 = -5*j + 4*n + 51. What is the units digit of j/(-2)*(-4)/2?
7
What is the hundreds digit of (-478)/((-1 + 2)/(9/(-18)))?
2
Let h(s) = s**3 - 5*s**2 - s + 6. Let q be h(5). Suppose -2*f - 13 = q. Let r = f + 12. What is the units digit of r?
5
Suppose -5*v - 9 = -5*z + 86, -3*z - 4*v + 22 = 0. Suppose z = 3*x - x. What is the units digit of (-36)/(-21) - (-2)/x?
2
Suppose -2*z + 7 = 3*d, -z + 2*z - 6 = -2*d. What is the units digit of d?
5
Let m be -3*((-2)/(-3) - 2). Let v(h) = 3*h. Let l be v(7). Suppose 2*f = -m*p - 6, p = 4*f - 2*p - l. What is the units digit of f?
3
Let n = -429 - -745. What is the hundreds digit of n?
3
Let g(s) = -s**3 + 4*s**2 + 5*s + 4. Let j be g(5). Let p = j + -4. Suppose -5*i + 15 = -p. What is the units digit of i?
3
Let z(d) = -d**2 + 7*d - 4. Let a = 3 - -1. What is the units digit of z(a)?
8
Suppose -2*r + 0*r + 28 = 0. What is the units digit of r?
4
Let p = -27 - -18. Let x be -2*6/(-3) - 6. Let i = x - p. What is the units digit of i?
7
Let m = -2 + 1. Let g be (0/(-3*1))/m. Suppose -2*r - r - 30 = -3*z, g = -3*z - r + 14. What is the units digit of z?
6
Let c(y) = -y**2 - 35*y + 19. What is the tens digit of c(-12)?
9
Let c = 2 + 1. Suppose -n + c*t = -15, 7*n - 2*n = t + 33. What is the units digit of n?
6
Let a(v) = 9*v**3 - 33*v**2 + 21*v - 7. Let c(b) = 4*b**3 - 16*b**2 + 11*b - 3. Let j(k) = -3*a(k) + 7*c(k). What is the tens digit of j(12)?
2
Suppose 3*p = p + 330. What is the hundreds digit of p?
1
Let a(t) = -23*t**3 - 6*t**2 - 2